digit of f(s)?
2
Let z = 606 + -337. Suppose z = 2*d + a, -2*d - 4*a = -2*a - 266. Suppose 0 = -2*v - 3*v + l + d, -86 = -3*v + 5*l. What is the tens digit of v?
2
Let g(w) = -w**2 + 14*w + 10. Let x be (-25)/(-10)*(4 + 0). What is the tens digit of g(x)?
5
Suppose -6*r + 5*r + 404 = c, r - 4 = 0. Let i = c + -183. What is the units digit of i?
7
Let v(z) = 38*z**2 + 64*z + 20. What is the thousands digit of v(-11)?
3
Let d be (-4977)/(-42)*(-4)/(-3). Suppose 0 = -5*r + 25, 0*w + d = 2*w + 4*r. What is the tens digit of w?
6
Suppose -16*n + 4417 + 8655 = 0. What is the hundreds digit of n?
8
Let w(h) = h**3 - 3*h**2. Let f be w(3). Suppose f = -s + 3 + 63. What is the tens digit of s?
6
Let w be (-35)/14*6/5. Let p be 4*(6/4 + w). What is the tens digit of (-4)/p + (-273)/(-9)?
3
Suppose 3*d = 4*b + 848, 10*d = 14*d - 2*b - 1114. What is the units digit of d?
6
Suppose -53*f = -60*f + 259. What is the tens digit of f?
3
Suppose 0 = -3*j + 4*t + 1715, 55 - 1195 = -2*j + t. What is the units digit of j?
9
Let x be (0/(-3))/(-2 + 1). Suppose 4*l = -0*l + 12. Suppose x*r - l*r = -126. What is the tens digit of r?
4
What is the hundreds digit of ((-727)/(4/8*-2))/1?
7
Let v(q) = q**3 + 67. Let c be (-2)/9 - (-4)/18. What is the tens digit of v(c)?
6
Let n(l) = -85*l - 13. Let w be n(2). Let q = -64 - w. What is the tens digit of q?
1
Let a = 662 + -367. What is the tens digit of a?
9
Suppose 3*m - 1104 = 6081. What is the hundreds digit of m?
3
Let n = 508 + -873. Let v = -202 - n. What is the hundreds digit of v?
1
Suppose -2092 = -4*r - j, -2*r - 3*j = -713 - 323. What is the tens digit of r?
2
Suppose 0 = -3*w + w. Suppose -3*f - 9 + 24 = w. Suppose y + f*c - 46 = -0*y, 5*y - 80 = 5*c. What is the units digit of y?
1
Suppose 4*q - 4*y - 1400 = 0, 402*q + 1403 = 406*q - 3*y. What is the units digit of q?
3
Let z be (-28)/(-10)*(-10)/(-4). Let u = -3 - z. What is the units digit of (3 + u)/(-1)*3?
1
Let a be (-2)/7 + (2 - (-66480)/28). What is the units digit of 1/(-4) - a/(-32)?
4
Let b = -115 + 229. What is the hundreds digit of b?
1
Let p(r) = -r + 11. Let k be p(7). Suppose k*v + 76 = -0*v. Let g = 10 - v. What is the units digit of g?
9
Let z(y) = -y + 11. Let s be z(8). Suppose 5*q - s*w + 201 = 2*q, -5*q - 319 = -w. Let k = -40 - q. What is the units digit of k?
3
Suppose -z - 1 - 1280 = -4*u, -3*u + 937 = 4*z. What is the hundreds digit of u?
3
Let b(u) = 2*u + 13. Let d(z) = 10*z + 66. Let f(c) = -16*b(c) + 3*d(c). Let l be f(-7). Suppose k + 56 = j, -1 + 5 = -l*k. What is the tens digit of j?
5
Let l(y) = -126*y - 315. What is the thousands digit of l(-16)?
1
Let f(k) = -2*k + 21. Suppose -5*a + 26 + 4 = 0. Let i be a/10 + 6/(-10). What is the tens digit of f(i)?
2
Suppose -3*a + 123 = -5*r + 2*r, -5*a + 199 = r. Let f = -5 + a. What is the units digit of f?
5
Let a(n) = -n**3 - n**2 - n + 1. Let m(p) = -6*p**3 + 16*p**2 + 11*p + 12. Let i(z) = 4*a(z) - m(z). What is the tens digit of i(11)?
6
Let l(b) = b**3 - 5 - 10*b - 4*b**2 + b + 5*b. Let w be l(5). Suppose 5*t = -w*t + 5. What is the units digit of t?
1
Suppose 3*p - 27 = u, 2*p + u = 12 + 6. Suppose -1 = -3*a + 4*w + 21, 3*w + p = a. Suppose 0 = -5*j + 2*j + a. What is the units digit of j?
2
Suppose -32*z = 26*z. Let g be 1 + 0 + 17*1. Let l = g - z. What is the units digit of l?
8
Let l = 6 + 1. Suppose -l*d + 148 + 76 = 0. What is the tens digit of d?
3
Let k be -27 - (-1 + (-1 - 1)). Let l be k/10 - 2/(-5). What is the tens digit of l + 33 - (-5 - -5)?
3
Let x = 17 - 15. Suppose -4*p = -x*p + 20. Let m = p - -20. What is the units digit of m?
0
Suppose -5*g + g + 3*h = -64, -3*h = -g + 25. Let l(j) = -j**3 + 13*j**2 + 36. What is the units digit of l(g)?
6
Suppose 123*j = 120*j + 1317. What is the tens digit of j?
3
Suppose -3*g + 2*g - 19 = 4*f, 0 = 2*g - 3*f - 6. What is the tens digit of (-6)/(-18) + (-179)/g?
6
Let n(p) = p + 15. Let z be n(-9). What is the units digit of 370/35 + z/14?
1
Suppose 3*x - 3*f - 408 = 4*x, -5*x - 1960 = -5*f. Let l = x - -573. What is the hundreds digit of l?
1
Suppose 29841 = 17*t - 5893. What is the thousands digit of t?
2
What is the hundreds digit of (-2)/4*(-3957 + -1)?
9
Let l(r) = 3*r**3 - 8 - 2*r**3 - 10*r + 2*r**2 + 3*r**2. Suppose -4*z + 14 = -3*y, 3*z - 31 = 5*y + 4*z. What is the tens digit of l(y)?
1
Suppose 3*k - 5*x - 8 = -0, 5*x = -5. Let h be 1/((3 + k)/12). Suppose -25 - 41 = -h*j. What is the tens digit of j?
2
Let t = -555 - -2288. What is the units digit of t?
3
Let c(n) = n**3 + 31*n**2 - 86*n - 23. What is the units digit of c(-33)?
7
Let c = 20 - 18. Suppose r + 30 = -c*r. Let b = 5 - r. What is the units digit of b?
5
What is the hundreds digit of 4*(-3)/(-6) + 866/1?
8
Suppose -24*z + 100 = -19*z. What is the hundreds digit of 3930/z - (3/(-2) - -2)?
1
Let h be (-36)/(-48)*8/3. Suppose 4*z - 3*a = 31, 0*a + h*a - 6 = -4*z. Suppose -g = w - 4 - 4, -4*w = -z*g - 32. What is the units digit of w?
8
Let q be 0/(-1) + (0 - -3). Let x(m) = -m + 6. Let u be x(q). Suppose -17 + 53 = u*w. What is the units digit of w?
2
Let p be (-532)/3*117/(-26). Suppose 39*u + p = 46*u. What is the tens digit of u?
1
Suppose 620 = c - 5*c. What is the hundreds digit of (-30938)/c + (-3)/((-15)/2)?
2
Let h be (-1418)/(-6) - (-2)/(-6). Let l = h - 138. What is the units digit of l?
8
Let y = 884 + -450. What is the units digit of y?
4
Let v(g) = g**3 + 6*g**2 - 5*g - 36. What is the tens digit of v(7)?
6
Let n be -3 + 1 + 47/(-1). Let t = n + 85. Suppose k = p - k - 38, -k - t = -p. What is the tens digit of p?
3
Let u(j) = -3*j**2 - 10*j - 11. Let a(d) = 2*d**2 + 9*d + 10. Let z(g) = 4*a(g) + 3*u(g). Suppose -6*t = -t - 25. What is the tens digit of z(t)?
1
Let l = 23 - 23. Suppose k + 335 = 4*p, p + 5*k = 89 - l. What is the tens digit of p?
8
Suppose -l - 8399 = -4*p, -55*p + 50*p + l = -10498. What is the hundreds digit of p?
0
Let c(h) = 89*h**3 - h**2 - 17*h + 47. What is the units digit of c(3)?
0
Let x(j) = -21*j - 1. Let f be x(-4). Let a = -47 + f. What is the units digit of a?
6
Let v(t) = 3*t**2 - t + 836. What is the hundreds digit of v(0)?
8
Let n(g) = g**3 - 5*g**2 + 4*g + 2. Let y be n(4). Suppose -2*d = 1 + 3, 5*c + y*d = 541. What is the hundreds digit of c?
1
Let r(n) = -2*n - 23. Let m be r(-13). Suppose -3*f + 312 = m*k, -4*f - 15 = f. What is the tens digit of k?
0
What is the hundreds digit of ((-204)/24 + 9)/(1/1118)?
5
Let s(i) = -i**3 + 10*i**2 + 4*i - 10. Let c be s(7). Let v = c - 76. What is the units digit of v?
9
Let c(y) = y - 2. Let a be c(1). What is the units digit of a/((-292)/72 + 4)?
8
Suppose 0 = -5*c - 0*c - g + 395, -5*c + 385 = 3*g. Let u be ((-10)/4)/(5/c). Let a = -29 - u. What is the tens digit of a?
1
Suppose 0 = 2*c - 382 - 172. What is the hundreds digit of c?
2
Let o(t) = 174*t + 15. What is the tens digit of o(4)?
1
Let s(i) = i - 1. Let f(n) = n - 7. Let j be f(3). Let z be s(j). What is the tens digit of (-3)/5 - 158/z?
3
Let g(k) = k**3 + 6*k**2 + k + 6. Let n be g(-6). Suppose u = -n + 51. What is the units digit of u/4 + 3/12?
3
Suppose 7*q = 4*q - 15. Let s(v) = 8*v**2 + 9*v + 15. What is the units digit of s(q)?
0
Let g(q) = -5*q - 14. Suppose -19*o + 15*o = 28. What is the tens digit of g(o)?
2
Let c(m) = 2*m**2 - 5*m - 7. Let h be 1 - (-19*2 + -2). Suppose -7*t = -h + 6. What is the tens digit of c(t)?
1
Suppose 14*u - 15*u = 222. What is the tens digit of 12/(u/57 - -4)?
1
Let n be 3 + (-34)/2*-1. Suppose n*j - 831 = 89. What is the units digit of j?
6
Let j = -12 - -16. Suppose -16 = -3*l + 2*g - j*g, 0 = 4*g + 4. Suppose -l*o + 55 = -o. What is the units digit of o?
1
Let g be (-3 - 1) + (-1491)/(-1). Suppose -10*i + g = 477. What is the units digit of i?
1
Let i(d) = 5*d**2 - 2*d + 3. Let c be 9 + (0 - (1 + -5)). Let t be 0 - 0 - (c - 10). What is the tens digit of i(t)?
5
Suppose -3*i = -4*r + 3*r - 3466, -5*r = -3*i + 3470. What is the units digit of i?
5
What is the units digit of ((-338)/(-4))/((91/(-70))/(-13))?
5
Let z(n) = -n**2 + 8*n + 9. Let c(l) = -l. Let m(t) = 2*c(t) + z(t). Let a be m(7). Let u = a - -11. What is the tens digit of u?
1
Suppose -4*g = 3*h - 7277 - 3201, -2*g - 8 = 0. What is the tens digit of h?
9
What is the tens digit of (-1 + (-43 - -9))*-101?
